{"id":11,"date":"2021-06-16T11:25:02","date_gmt":"2021-06-16T11:25:02","guid":{"rendered":"http:\/\/iphabogados.es\/?page_id=11"},"modified":"2021-06-16T12:03:06","modified_gmt":"2021-06-16T12:03:06","slug":"contactar","status":"publish","type":"page","link":"https:\/\/iphabogados.es\/index.php\/contactar\/","title":{"rendered":"Contactar"},"content":{"rendered":"\n<p>Para cualquier consulta, duda de car\u00e1cter legal o conocer nuestros servicios, puede dirigirse a nuestra oficina, llamar al n\u00famero de tel\u00e9fono de contacto o enviarnos un email a&nbsp;<a href=\"mailto:iphernandezabogados@gmail.com\">iphernandezabogados@gmail.com<\/a>&nbsp;<\/p>\n\n\n\n<p>Direcci\u00f3n:<\/p>\n\n\n\n<p>Carretera nacional 340 km 29200. Pol\u00edgono industrial redovan. Redovan, ALICANTE, 03370<\/p>\n\n\n\n<iframe src=\"https:\/\/www.google.com\/maps\/embed?pb=!1m18!1m12!1m3!1d2128.7475047072458!2d-0.9338471957802358!3d38.13213144488349!2m3!1f0!2f0!3f0!3m2!1i1024!2i768!4f13.1!3m3!1m2!1s0xd63987802938999%3A0xfb61fa80be44d3f8!2sGrupo%20ITEVEBASA!5e0!3m2!1ses!2ses!4v1623844474453!5m2!1ses!2ses\" width=\"600\" height=\"450\" style=\"border:0;\" allowfullscreen=\"\" loading=\"lazy\"><\/iframe>\n","protected":false},"excerpt":{"rendered":"<p>Para cualquier consulta, duda de car\u00e1cter legal o conocer nuestros servicios, puede dirigirse a nuestra oficina, llamar al n\u00famero de tel\u00e9fono de contacto o enviarnos un email a&nbsp;iphernandezabogados@gmail.com&nbsp; Direcci\u00f3n: Carretera nacional 340 km 29200. Pol\u00edgono industrial redovan. Redovan, ALICANTE, 03370<\/p>\n","protected":false},"author":1,"featured_media":35,"parent":0,"menu_order":0,"comment_status":"closed","ping_status":"closed","template":"","meta":[],"_links":{"self":[{"href":"https:\/\/iphabogados.es\/index.php\/wp-json\/wp\/v2\/pages\/11"}],"collection":[{"href":"https:\/\/iphabogados.es\/index.php\/wp-json\/wp\/v2\/pages"}],"about":[{"href":"https:\/\/iphabogados.es\/index.php\/wp-json\/wp\/v2\/types\/page"}],"author":[{"embeddable":true,"href":"https:\/\/iphabogados.es\/index.php\/wp-json\/wp\/v2\/users\/1"}],"replies":[{"embeddable":true,"href":"https:\/\/iphabogados.es\/index.php\/wp-json\/wp\/v2\/comments?post=11"}],"version-history":[{"count":4,"href":"https:\/\/iphabogados.es\/index.php\/wp-json\/wp\/v2\/pages\/11\/revisions"}],"predecessor-version":[{"id":38,"href":"https:\/\/iphabogados.es\/index.php\/wp-json\/wp\/v2\/pages\/11\/revisions\/38"}],"wp:featuredmedia":[{"embeddable":true,"href":"https:\/\/iphabogados.es\/index.php\/wp-json\/wp\/v2\/media\/35"}],"wp:attachment":[{"href":"https:\/\/iphabogados.es\/index.php\/wp-json\/wp\/v2\/media?parent=11"}],"curies":[{"name":"wp","href":"https:\/\/api.w.org\/{rel}","templated":true}]}}